et q = m + -16. What is the tens digit of q?
1
Let s be 1*-1 - 35/(-5). Let p be ((-8)/s)/(2/(-24)). Let o = p + -11. What is the units digit of o?
5
Suppose -69 = -4*i - 5. What is the units digit of i?
6
Suppose 0 = -4*d + 12, 2*t + 5*d - 2*d = -9. What is the units digit of -2*t*3/6?
9
Let a be -8*(-6)/16*2. What is the units digit of 7/(7/a) + -3?
3
Let a(w) = w**3 + 2*w**2 - w + 4. Let v(x) = -x**3 - 2*x**2 + x - 5. Let b(f) = 4*a(f) + 3*v(f). What is the units digit of b(-2)?
3
Suppose m - 4 = -r - 0, -m = 3*r - 8. Suppose 2*b - 10 + 2 = -m*j, -4*j - b = -16. Suppose 16 = -j*p + 60. What is the units digit of p?
1
Let h = -4 - -6. Suppose -3*y + 0*g - h*g + 58 = 0, -y = 2*g - 18. What is the units digit of y?
0
Suppose -2*s = -4*i - 2 + 40, 3*s = 3*i - 60. Let d = s + 29. What is the units digit of d?
8
Let z(m) = 5*m**2 - 5*m + 2. Let u(k) = 4*k**2 - 5*k + 2. Let g be (-4)/(-3 + (2 - 0)). Let q(h) = g*u(h) - 3*z(h). What is the units digit of q(5)?
2
Suppose 4*o - 21 + 5 = 0. Suppose -o = -4*f - 0*f. Suppose -f = -3*w + 2. What is the units digit of w?
1
Let z(n) = 3*n + 21. Let o(t) = -t - 7. Let i = -7 + 0. Let b(l) = i*o(l) - 2*z(l). What is the units digit of b(0)?
7
Let w be 37/(-5) + (-2)/(-5). Let c be (-4)/14 - 27/(-21). What is the units digit of -2*(w/2)/c?
7
Let v(c) = -c**2 - 5*c - 1. Let w be v(-5). Let x(n) = -2*n**2 - 2*n - 1. Let j be x(w). What is the units digit of j/(-3) - 32/(-3)?
1
Suppose -2*p + 44 = -4*h, -4*h - 2*p - 43 + 15 = 0. Let k(s) = -3*s + 4. What is the units digit of k(h)?
1
Let x(j) = 10*j + 3 - j**2 - 18*j + 0*j**2 + 4. Let t = -10 - -3. What is the units digit of x(t)?
4
Let m(r) = 7 - 12*r**2 + r**2 - 11*r - 4*r**3 + 0*r**3 + 3*r**3. Let w be (30/(-4))/(3/4). What is the tens digit of m(w)?
1
Let d = 4 + -1. Suppose 0*u - 6 = -3*u. Suppose 0 = -u*r + d*r - 12. What is the units digit of r?
2
Suppose 49 = -8*q + 9*q. What is the tens digit of q?
4
Suppose 0*z + 2*z - 2*l = 60, 20 = -5*l. What is the tens digit of z?
2
Suppose -131 + 42 = -n. What is the tens digit of n?
8
Let r(z) = 2*z**2 - 3*z. What is the units digit of r(2)?
2
Let i(r) = 45*r**2 + 2*r - 1. Let x be i(1). Suppose 3*b - 115 = -x. What is the tens digit of b?
2
Let a be (-3)/(-1 - -2) - -6. Suppose 3*j = 90 + a. Suppose 2 = -2*d + 10, 3*n = 2*d + j. What is the units digit of n?
3
Let l = -4 - -11. Suppose -5*q = -43 - l. What is the units digit of q?
0
Suppose -4 = -q + 1. Suppose -q*m = -2*c - 2, -22 = -m - 7*c + 2*c. Suppose 0 = -3*o + 8*o + 2*w - 17, -4*o = m*w - 12. What is the units digit of o?
5
Let j(v) = 7*v + 40. Let q(a) = -3*a - 20. Let n(t) = -2*j(t) - 5*q(t). What is the tens digit of n(-9)?
1
Let g(c) = c**3 + 6*c**2 + c - 4. Let x be g(-5). Suppose -5*u = -f - 69, -2*f = 3*u - 2*u - x. What is the tens digit of u?
1
Let j = 20 + 22. Suppose 0 = -2*l + 4*u + 4, -6*l + 2*u = -l - j. What is the tens digit of l?
1
Let m = -64 + 96. What is the tens digit of m?
3
What is the units digit of 24/4 + -1 + -2?
3
Let y(z) = z**2 + 8*z - 5. Suppose 0 = -u + 3 + 1. What is the units digit of y(u)?
3
Let g = -100 + 144. Suppose 0 = 2*i + 2*s - 42, -4*s = 2*i - 0*i - g. What is the units digit of i?
0
Let y be -1 + 1 + 1 - 9. Let l = y - -5. What is the units digit of (-3)/9*l - 0?
1
Suppose 5*p - 3*o + 90 = 0, 5*p = -0*p - 5*o - 130. Let b = 24 - p. What is the tens digit of b?
4
Let o(v) be the first derivative of 19*v**2/2 + 4*v + 3. What is the tens digit of o(2)?
4
Let w = 295 + -180. What is the tens digit of w?
1
Let g = 818 - 573. What is the units digit of g?
5
Let k(o) = -o**2 - 3*o - 1. Suppose -4 = 4*w - 2*w - 5*b, -4*b - 6 = 3*w. What is the units digit of k(w)?
1
Suppose -5 = -2*a - 3*a. Suppose -3*j + q = -104, -4*j - a = -q - 141. What is the units digit of j?
6
Suppose 3*h + 3*f - 174 = 0, -290 = -5*h - f - f. What is the tens digit of h?
5
Suppose -1 = 4*j - 17. Suppose -4*y + 115 = 3*f - 8*f, 137 = 5*y - j*f. What is the tens digit of y?
2
Let k(m) = -5 + 3*m + 2*m**3 - m**3 + m - 9*m**2 - m. What is the tens digit of k(9)?
2
Let g(z) = 4*z**2 - 9*z - 13. What is the hundreds digit of g(7)?
1
Let z(r) = r**3 - 2*r**2 + r**2 + 22 + 0*r + 10 - 2*r. What is the tens digit of z(0)?
3
Let y(l) = -2*l + 16. Let q be y(8). Suppose 2*w - 6 - 2 = q. What is the units digit of w?
4
Suppose 74 = 3*s - 2*o, -4*o = -2*o + 8. What is the tens digit of s?
2
Let x be -2 + 1 + 1 - 38. Let o = x - -53. What is the tens digit of o?
1
Let u(q) = -q - 1. Let i be u(-5). Let o be (i/5)/(2/15). Suppose f - o = -2*f. What is the units digit of f?
2
Let w(j) = j**2 + 2*j - 8. Let r be w(-6). Let z = r + -10. What is the units digit of z?
6
Suppose 8 = -3*p + p. Let j be 54/(-15) - p/(-10). What is the units digit of 20/3 - j/12?
7
Let k = -11 + 17. Suppose 0 = 2*f - x - 13 - 8, -k = 2*x. What is the units digit of f?
9
Let g = -174 + 373. What is the tens digit of g?
9
Suppose 3*f - 2*f - 12 = 0. What is the tens digit of f?
1
Let a(x) = -30*x**3 + x**2. What is the tens digit of a(-1)?
3
Let v be 3 + 38/(1 - -1). Let m = v - 16. What is the units digit of ((-16)/m)/(2/(-6))?
8
Let d(v) = -v**3 + 2*v**2 - 6*v + 3. What is the tens digit of d(-4)?
2
Let u(a) = -a**3 - 2*a**2 - 2*a. Let l be u(-2). Suppose l*o + 104 = 4*t, -2*o + 6*o + 48 = 2*t. What is the units digit of t?
8
Let u(t) = t**3 + 4*t**2 - 2*t - 3. Let m be u(-5). What is the units digit of 52/5 - m/(-45)?
0
Let x = 26 - 10. Let i be x + -2 + 0 + 1. Suppose -3*l + i = -0*l. What is the units digit of l?
5
Let d be (8/(-24))/(2/114). Suppose 0 = 5*y - 2*a + 38, 5*y - 5*a + 1 + 34 = 0. Let c = y - d. What is the units digit of c?
1
Let l(o) = -6*o**3 - 1. Let w be l(-1). Let t be ((-46)/(-4))/(w/10). Let b = t + -12. What is the tens digit of b?
1
Suppose 3*s + 3*b - 2 = 1, -5*b - 11 = -3*s. Let a(o) = -o - s*o + 4 + 2*o - o. What is the units digit of a(-6)?
6
Suppose y = -3*s + 402, -290 = -3*s + y + 112. What is the units digit of s?
4
Suppose n + 3 = -4*l + 2, -3*l = -4*n + 15. Let p(k) be the third derivative of -k**5/60 + 7*k**4/24 - 2*k**3/3 - k**2. What is the units digit of p(n)?
8
Suppose -a = a. Suppose a = -4*u + 3*u + 2. What is the units digit of u*(0 + 6/4)?
3
Suppose 2*r - 25 = -3*r. Let n = r + -6. What is the units digit of (-7)/(-6) - n/(-6)?
1
Suppose -q = 3 + 13. Let n = -2 - q. What is the units digit of n?
4
Suppose -i = 2*w - 29, -3*i = 3*w - 4*i - 31. What is the tens digit of (88/(-33))/((-1)/w)?
3
Let c = 1 + -2. Let m be 6*c*3/(-6). Suppose 0 = m*s - 3*k + 6 + 3, -4*s + 2*k = 4. What is the units digit of s?
1
Let d(s) = s**2 - 9*s + 11. Let h(f) = -f**3 - 6*f**2 - 2*f - 1. Let b be h(-6). What is the tens digit of d(b)?
3
Suppose 4*y - 6 = 30. Let b = 9 + y. What is the tens digit of b?
1
Let m(g) = 6*g + 6. What is the units digit of m(5)?
6
Let a(v) = v + 13. Let d be 3/12 - 11/(-4). Suppose 5*f + 4*q + 32 = 0, -f - 7 - d = -q. What is the units digit of a(f)?
5
Let y(p) = p**3 - p**2 - p - 4. What is the units digit of y(3)?
1
Suppose -256 = -8*u + 6*u. What is the hundreds digit of u?
1
Suppose q - 2 = -5*w - 0*q, w + 5*q - 10 = 0. Suppose v - 4*a + 4 = w, 2*v - 2 - 12 = -3*a. What is the units digit of v?
4
Let t = -9 + 15. What is the units digit of (-15)/10*(-8)/t?
2
Let t = 0 - 4. Let i(a) = 5*a**3 - 10*a**2 - 5*a - 1. Let y(p) = 4*p**3 - 9*p**2 - 4*p - 1. Let m(c) = t*y(c) + 3*i(c). What is the units digit of m(6)?
7
Let s = 125 + -54. What is the tens digit of s?
7
Let k be ((-39)/(-6))/(1/6). Suppose 4*h - k = -7. What is the units digit of h?
8
Suppose -3*m + 0*w + 194 = 5*w, 58 = m - 5*w. Suppose -4*h + h = -m. What is the units digit of h?
1
Suppose -4*h + 202 = l + 52, -5*h = -4*l + 684. What is the tens digit of l?
6
Let a be (-29)/4 - (-3)/12. Let d = -7 - a. Suppose d = 2*w + 2*w - 48. What is the units digit of w?
2
Let a = 12 + -8. Let x be 188/28 - a/(-14). What is the units digit of 4/42*9*x?
6
Let x be 28/(-20) + (-2)/(-5). What is the units digit of x/((-6)/4)*3?
2
Let t be (-8)/3 + 10/15. Let s be (-1)/(t*2/(-4)). What is the units digit of s*14/(-4)*2?
7
Let u(x) be the first derivative of -x**2/2 - x - 3. Let n be -10*(20/(-8) + 3). What is the units digit of u(n)?
4
Suppose -15 = -4*l + l. Let x = l - -13. What is t